26023 and 3127.
53
Calculate the highest common divisor of 8296 and 20264.
136
Calculate the highest common factor of 29241 and 1863.
81
What is the highest common factor of 762744 and 5124?
732
Calculate the greatest common factor of 217 and 87947.
31
Calculate the greatest common divisor of 23436 and 1036.
28
What is the highest common factor of 10 and 29755?
5
Calculate the greatest common divisor of 14 and 29015.
7
What is the greatest common factor of 211233 and 264?
33
What is the greatest common factor of 40 and 884180?
20
Calculate the greatest common factor of 12528 and 360.
72
What is the highest common factor of 1575 and 2755200?
525
What is the greatest common divisor of 374 and 99314?
34
Calculate the greatest common divisor of 596220 and 4560.
1140
What is the highest common divisor of 270 and 95670?
90
Calculate the highest common factor of 4264 and 247.
13
Calculate the greatest common factor of 242786 and 1398.
466
Calculate the greatest common factor of 872 and 29104.
8
What is the greatest common factor of 615 and 16236?
123
Calculate the greatest common factor of 2211 and 473.
11
What is the greatest common factor of 541464 and 168?
168
What is the highest common factor of 160 and 45860?
20
What is the greatest common divisor of 1636 and 9536?
4
Calculate the greatest common divisor of 7232 and 11413.
113
What is the greatest common divisor of 1940 and 10?
10
Calculate the highest common factor of 5934 and 4899.
69
What is the greatest common factor of 795 and 176415?
15
Calculate the greatest common factor of 14146 and 66.
22
What is the greatest common divisor of 98 and 1402919?
49
What is the highest common factor of 3632 and 39044?
908
Calculate the highest common factor of 12509316 and 18.
18
Calculate the greatest common factor of 1440 and 3780.
180
What is the greatest common factor of 100050 and 552?
138
What is the greatest common factor of 2379 and 81?
3
What is the highest common factor of 990 and 1595?
55
Calculate the greatest common factor of 759439 and 3489.
1163
Calculate the greatest common divisor of 8943 and 528.
33
Calculate the highest common divisor of 75 and 1371.
3
Calculate the greatest common divisor of 1139 and 7225.
17
What is the greatest common factor of 8662 and 13774?
142
What is the greatest common divisor of 619 and 197?
1
What is the highest common divisor of 36 and 1051326?
18
What is the highest common divisor of 3240 and 1340?
20
What is the highest common divisor of 784 and 344666?
98
What is the greatest common divisor of 13 and 827?
1
What is the greatest common divisor of 135 and 196830?
135
What is the highest common divisor of 9 and 149958?
9
What is the highest common factor of 393 and 225713?
131
Calculate the highest common factor of 1469 and 204530.
113
Calculate the highest common divisor of 43155 and 525.
105
Calculate the highest common factor of 58 and 14594.
2
Calculate the highest common divisor of 40 and 200510.
10
Calculate the highest common divisor of 16044 and 4.
4
What is the highest common divisor of 9477 and 297?
27
Calculate the highest common divisor of 414890 and 140.
70
What is the highest common factor of 1449 and 5152?
161
Calculate the greatest common divisor of 4230 and 18975.
15
What is the highest common divisor of 13344 and 45?
3
What is the greatest common divisor of 416 and 62504?
104
What is the highest common divisor of 459382 and 1254?
418
What is the highest common factor of 1020 and 67575?
255
What is the highest common divisor of 8 and 14318?
2
What is the greatest common divisor of 6434096 and 32?
16
What is the highest common divisor of 125462 and 6?
2
What is the greatest common factor of 36 and 374370?
6
What is the highest common factor of 1302905 and 25?
5
What is the greatest common divisor of 111343 and 423?
47
What is the highest common factor of 13 and 472147?
13
Calculate the highest common factor of 34799 and 731.
17
Calculate the highest common factor of 295290 and 510.
510
Calculate the greatest common divisor of 765 and 579.
3
What is the highest common divisor of 56 and 254080?
8
What is the highest common divisor of 1414 and 325388?
14
What is the greatest common factor of 348 and 169041?
87
Calculate the greatest common divisor of 26 and 13338.
26
What is the highest common divisor of 9424 and 3968?
496
What is the highest common divisor of 7 and 54061?
7
Calculate the greatest common divisor of 1740 and 13572.
348
Calculate the greatest common divisor of 23978 and 247.
19
What is the highest common factor of 332475 and 90?
15
What is the greatest common divisor of 1692 and 2340?
36
What is the greatest common factor of 64199 and 172?
43
Calculate the highest common factor of 2255 and 785.
5
Calculate the highest common factor of 8602 and 313582.
782
Calculate the greatest common factor of 156 and 114348.
156
What is the greatest common divisor of 57421 and 91?
91
What is the greatest common factor of 835 and 7849?
167
What is the highest common divisor of 37 and 148?
37
Calculate the greatest common divisor of 2344 and 360683.
293
What is the highest common factor of 102 and 94826?
34
Calculate the highest common factor of 2807 and 3829.
7
What is the greatest common factor of 4 and 15772?
4
What is the highest common factor of 14529 and 609?
87
Calculate the highest common factor of 9 and 6721488.
9
What is the highest common divisor of 64876 and 196?
196
What is the highest common divisor of 72 and 1719?
9
What is the greatest common factor of 9 and 4202046?
9
Calculate the highest common divisor of 171199 and 259.
259
What is the highest common divisor of 8330 and 618919?
833
What is the greatest common factor of 761 and 191011?
761
Calculate the highest common factor of 8660 and 551642.
866
Calculate the highest common divisor of 5365 and 4255.
185
What is the greatest common factor of 15747 and 3567?
87
What is the highest common factor of 10445197 and 14?
7
Calculate the highest common divisor of 3328 and 27904.
256
What is the greatest common factor of 120040 and 280?
40
What is the highest common factor of 14765 and 55?
5
Calculate the greatest common factor of 4046 and 195364.
578
What is the highest common divisor of 45 and 55287?
9
Calculate the highest common factor of 179803 and 39.
13
Calculate the highest common divisor of 476 and 273028.
28
Calculate the greatest common factor of 105 and 587545.
35
What is the highest common divisor of 28 and 74963?
7
Calculate the highest common divisor of 84528 and 1728.
144
What is the highest common divisor of 53942 and 14?
14
What is the highest common factor of 52 and 191230?
26
Calculate the greatest common divisor of 715 and 310570.
65
What is the greatest common divisor of 704 and 8497984?
704
What is the greatest common divisor of 353974 and 34510?
986
Calculate the greatest common factor of 19776 and 192.
192
What is the greatest common factor of 16820 and 205?
5
Calculate the greatest common divisor of 7906804 and 724.
724
Calculate the highest common divisor of 1042630 and 246.
82
What is the greatest common divisor of 139250 and 130?
10
What is the highest common factor of 6 and 4622?
2
What is the greatest common factor of 34 and 103513?
17
What is the highest common divisor of 363 and 193?
1
Calculate the greatest common factor of 177210 and 165.
165
Calculate the highest common factor of 11 and 466.
1
What is the highest common divisor of 230150 and 550?
50
Calculate the greatest common divisor of 48 and 19722.
6
What is the highest common divisor of 15369 and 94?
47
What is the highest common factor of 226985 and 5995?
55
What is the greatest common factor of 9 and 309951?
9
What is the highest common factor of 474174 and 1350?
54
What is the highest common factor of 698165 and 130?
65
Calculate the greatest common factor of 598 and 59386.
46
What is the greatest common factor of 29176 and 13025?
521
What is the highest common divisor of 16777 and 456?
19
What is the greatest common factor of 66495 and 3705?
195
What is the highest common divisor of 368 and 857624?
184
Calculate the greatest common divisor of 6 and 9579.
3
What is the greatest common factor of 4137 and 10244?
197
Calculate the greatest common factor of 241 and 5157882.
241
Calculate the 